{"id":24,"date":"2024-04-11T21:31:47","date_gmt":"2024-04-11T19:31:47","guid":{"rendered":"https:\/\/puppy-care.fr\/index.php\/portfolio-page\/"},"modified":"2024-05-20T22:24:26","modified_gmt":"2024-05-20T20:24:26","slug":"portfolio-page","status":"publish","type":"page","link":"https:\/\/puppy-care.fr\/index.php\/portfolio-page\/","title":{"rendered":"Tarifs"},"content":{"rendered":"\n<div class=\"wp-block-group alignfull has-raft-bg-alt-background-color has-background is-layout-constrained wp-container-core-group-is-layout-ca21e7af wp-block-group-is-layout-constrained\" style=\"margin-top:0;margin-bottom:0;padding-top:var(--wp--preset--spacing--80);padding-right:var(--wp--preset--spacing--40);padding-bottom:var(--wp--preset--spacing--80);padding-left:var(--wp--preset--spacing--40)\">\n<h1 class=\"wp-block-heading alignwide has-text-align-center has-custom-couleur-2-color has-text-color has-link-color wp-elements-8504b9cd953b925d165a81d09ed84d24\">SERVICES &amp; TARIFS<\/h1>\n<\/div>\n\n\n\n<div class=\"wp-block-group alignfull has-custom-puppy-care-claire-background-color has-background is-layout-constrained wp-container-core-group-is-layout-899ac72b wp-block-group-is-layout-constrained\" style=\"margin-top:0;margin-bottom:0;padding-top:var(--wp--preset--spacing--80);padding-right:var(--wp--preset--spacing--40);padding-bottom:var(--wp--preset--spacing--80);padding-left:var(--wp--preset--spacing--40)\">\n<div class=\"wp-block-group alignfull is-layout-flow wp-container-core-group-is-layout-4cd1f19c wp-block-group-is-layout-flow\" style=\"margin-top:0px;margin-bottom:0px;padding-top:0;padding-right:0;padding-bottom:0;padding-left:0\">\n<div class=\"wp-block-group alignwide is-nowrap is-layout-flex wp-container-core-group-is-layout-c1740a5a wp-block-group-is-layout-flex\">\n<div class=\"wp-block-columns are-vertically-aligned-center has-raft-bg-background-color has-background is-layout-flex wp-container-core-columns-is-layout-e05d3243 wp-block-columns-is-layout-flex\" style=\"padding-top:0px;padding-right:0px;padding-bottom:0px;padding-left:0px\">\n<div class=\"wp-block-column is-vertically-aligned-center is-layout-flow wp-block-column-is-layout-flow\" style=\"flex-basis:40%\">\n<figure class=\"wp-block-image alignright size-full is-style-rounded\"><a href=\"https:\/\/puppy-care.fr\/index.php\/tarifs-chiens\/\"><img fetchpriority=\"high\" decoding=\"async\" width=\"2048\" height=\"1368\" src=\"http:\/\/puppy-care.fr\/wp-content\/uploads\/2024\/05\/IMG_0791.jpg\" alt=\"\" class=\"wp-image-535\" style=\"aspect-ratio:1;object-fit:cover\" srcset=\"https:\/\/puppy-care.fr\/wp-content\/uploads\/2024\/05\/IMG_0791.jpg 2048w, https:\/\/puppy-care.fr\/wp-content\/uploads\/2024\/05\/IMG_0791-300x200.jpg 300w, https:\/\/puppy-care.fr\/wp-content\/uploads\/2024\/05\/IMG_0791-1024x684.jpg 1024w, https:\/\/puppy-care.fr\/wp-content\/uploads\/2024\/05\/IMG_0791-768x513.jpg 768w, https:\/\/puppy-care.fr\/wp-content\/uploads\/2024\/05\/IMG_0791-1536x1026.jpg 1536w\" sizes=\"(max-width: 2048px) 100vw, 2048px\" \/><\/a><\/figure>\n<\/div>\n\n\n\n<div class=\"wp-block-column is-vertically-aligned-center is-layout-flow wp-container-core-column-is-layout-71c1d140 wp-block-column-is-layout-flow\" style=\"padding-top:var(--wp--preset--spacing--50);padding-right:var(--wp--preset--spacing--50);padding-bottom:var(--wp--preset--spacing--50);padding-left:var(--wp--preset--spacing--50)\">\n<h1 class=\"wp-block-heading has-text-align-center has-custom-couleur-2-color has-text-color has-link-color wp-elements-6197a71f39423b1c646df5828754a90e\">CHIENS<\/h1>\n\n\n\n<hr class=\"wp-block-separator has-text-color has-custom-couleur-1-color has-alpha-channel-opacity has-custom-couleur-1-background-color has-background is-style-wide\"\/>\n\n\n\n<p class=\"has-figtree-font-family\">Venez d\u00e9couvrir tous les services chouchou que nous proposons pour rendre votre chien heureux et en pleine forme!<\/p>\n\n\n\n<div class=\"wp-block-buttons is-content-justification-center is-layout-flex wp-container-core-buttons-is-layout-a89b3969 wp-block-buttons-is-layout-flex\">\n<div class=\"wp-block-button has-custom-width wp-block-button__width-100 is-style-primary\"><a class=\"wp-block-button__link has-custom-couleur-3-background-color has-background has-text-align-center wp-element-button\" href=\"https:\/\/puppy-care.fr\/index.php\/tarifs-chiens\/\">D\u00e9couvrir<\/a><\/div>\n<\/div>\n<\/div>\n<\/div>\n\n\n\n<div class=\"wp-block-columns are-vertically-aligned-center has-raft-bg-background-color has-background is-layout-flex wp-container-core-columns-is-layout-e05d3243 wp-block-columns-is-layout-flex\" style=\"padding-top:0px;padding-right:0px;padding-bottom:0px;padding-left:0px\">\n<div class=\"wp-block-column is-vertically-aligned-center is-layout-flow wp-block-column-is-layout-flow\" style=\"flex-basis:40%\">\n<figure class=\"wp-block-image alignleft size-full is-style-rounded\"><a href=\"https:\/\/puppy-care.fr\/index.php\/tarifs-chats\/\"><img decoding=\"async\" width=\"1920\" height=\"2560\" src=\"http:\/\/puppy-care.fr\/wp-content\/uploads\/2024\/05\/IMG_2606-1-scaled.jpg\" alt=\"\" class=\"wp-image-536\" style=\"aspect-ratio:1;object-fit:cover\" srcset=\"https:\/\/puppy-care.fr\/wp-content\/uploads\/2024\/05\/IMG_2606-1-scaled.jpg 1920w, https:\/\/puppy-care.fr\/wp-content\/uploads\/2024\/05\/IMG_2606-1-225x300.jpg 225w, https:\/\/puppy-care.fr\/wp-content\/uploads\/2024\/05\/IMG_2606-1-768x1024.jpg 768w, https:\/\/puppy-care.fr\/wp-content\/uploads\/2024\/05\/IMG_2606-1-1152x1536.jpg 1152w, https:\/\/puppy-care.fr\/wp-content\/uploads\/2024\/05\/IMG_2606-1-1536x2048.jpg 1536w\" sizes=\"(max-width: 1920px) 100vw, 1920px\" \/><\/a><\/figure>\n<\/div>\n\n\n\n<div class=\"wp-block-column is-vertically-aligned-center is-layout-flow wp-container-core-column-is-layout-71c1d140 wp-block-column-is-layout-flow\" style=\"padding-top:var(--wp--preset--spacing--50);padding-right:var(--wp--preset--spacing--50);padding-bottom:var(--wp--preset--spacing--50);padding-left:var(--wp--preset--spacing--50)\">\n<h1 class=\"wp-block-heading has-text-align-center has-custom-couleur-2-color has-text-color has-link-color wp-elements-26c78a442d711ef8a4b869e9658d11a4\">CHATS<\/h1>\n\n\n\n<hr class=\"wp-block-separator has-text-color has-custom-couleur-1-color has-alpha-channel-opacity has-custom-couleur-1-background-color has-background is-style-wide\"\/>\n\n\n\n<p class=\"has-figtree-font-family\">Bienvenue dans le paradis des minous  avec une gamme de services pour son bonheur et son bien-\u00eatre! <\/p>\n\n\n\n<div class=\"wp-block-buttons is-content-justification-center is-layout-flex wp-container-core-buttons-is-layout-a89b3969 wp-block-buttons-is-layout-flex\">\n<div class=\"wp-block-button has-custom-width wp-block-button__width-100 is-style-primary\"><a class=\"wp-block-button__link has-custom-couleur-3-background-color has-background wp-element-button\" href=\"https:\/\/puppy-care.fr\/index.php\/tarifs-chats\/\">D\u00e9couvrir<\/a><\/div>\n<\/div>\n<\/div>\n<\/div>\n<\/div>\n<\/div>\n<\/div>\n\n\n\n<div class=\"wp-block-group alignfull has-custom-couleur-2-background-color has-background is-layout-flow wp-block-group-is-layout-flow\">\n<h2 class=\"wp-block-heading has-text-align-center has-raft-bg-color has-custom-couleur-2-background-color has-text-color has-background has-link-color wp-elements-b6602b0b25bbed9f5c835ce53b595645\">ZONES DESSERVIES <\/h2>\n<\/div>\n\n\n\n<div class=\"wp-block-group alignfull has-raft-fg-alt-color has-raft-bg-inv-background-color has-text-color has-background has-link-color wp-elements-570f19157c08018490d098d314197cc2 is-layout-flow wp-container-core-group-is-layout-60ec7785 wp-block-group-is-layout-flow\" style=\"margin-top:0;margin-bottom:0;padding-top:0;padding-right:0;padding-bottom:0;padding-left:0\">\n<div class=\"wp-block-columns has-custom-couleur-2-background-color has-background is-layout-flex wp-container-core-columns-is-layout-87535699 wp-block-columns-is-layout-flex\" style=\"margin-top:0;margin-bottom:0;padding-top:0;padding-right:0;padding-bottom:0;padding-left:0\">\n<div class=\"wp-block-column is-vertically-aligned-stretch is-layout-flow wp-block-column-is-layout-flow\" style=\"padding-top:0;padding-right:0;padding-bottom:0;padding-left:0;flex-basis:50%\">\n<figure data-wp-context=\"{&quot;imageId&quot;:&quot;69e59857acda7&quot;}\" data-wp-interactive=\"core\/image\" data-wp-key=\"69e59857acda7\" class=\"wp-block-image aligncenter size-large wp-duotone-000000-f7ded2-1 wp-lightbox-container\"><img decoding=\"async\" width=\"1024\" height=\"1024\" data-wp-class--hide=\"state.isContentHidden\" data-wp-class--show=\"state.isContentVisible\" data-wp-init=\"callbacks.setButtonStyles\" data-wp-on--click=\"actions.showLightbox\" data-wp-on--load=\"callbacks.setButtonStyles\" data-wp-on-window--resize=\"callbacks.setButtonStyles\" src=\"https:\/\/puppy-care.fr\/wp-content\/uploads\/2024\/05\/Design-sans-titre-4-1024x1024.png\" alt=\"\" class=\"wp-image-279\" style=\"aspect-ratio:1;object-fit:cover\" srcset=\"https:\/\/puppy-care.fr\/wp-content\/uploads\/2024\/05\/Design-sans-titre-4-1024x1024.png 1024w, https:\/\/puppy-care.fr\/wp-content\/uploads\/2024\/05\/Design-sans-titre-4-300x300.png 300w, https:\/\/puppy-care.fr\/wp-content\/uploads\/2024\/05\/Design-sans-titre-4-150x150.png 150w, https:\/\/puppy-care.fr\/wp-content\/uploads\/2024\/05\/Design-sans-titre-4-768x768.png 768w, https:\/\/puppy-care.fr\/wp-content\/uploads\/2024\/05\/Design-sans-titre-4.png 1181w\" sizes=\"(max-width: 1024px) 100vw, 1024px\" \/><button\n\t\t\tclass=\"lightbox-trigger\"\n\t\t\ttype=\"button\"\n\t\t\taria-haspopup=\"dialog\"\n\t\t\taria-label=\"Agrandir\"\n\t\t\tdata-wp-init=\"callbacks.initTriggerButton\"\n\t\t\tdata-wp-on--click=\"actions.showLightbox\"\n\t\t\tdata-wp-style--right=\"state.imageButtonRight\"\n\t\t\tdata-wp-style--top=\"state.imageButtonTop\"\n\t\t>\n\t\t\t<svg xmlns=\"http:\/\/www.w3.org\/2000\/svg\" width=\"12\" height=\"12\" fill=\"none\" viewBox=\"0 0 12 12\">\n\t\t\t\t<path fill=\"#fff\" d=\"M2 0a2 2 0 0 0-2 2v2h1.5V2a.5.5 0 0 1 .5-.5h2V0H2Zm2 10.5H2a.5.5 0 0 1-.5-.5V8H0v2a2 2 0 0 0 2 2h2v-1.5ZM8 12v-1.5h2a.5.5 0 0 0 .5-.5V8H12v2a2 2 0 0 1-2 2H8Zm2-12a2 2 0 0 1 2 2v2h-1.5V2a.5.5 0 0 0-.5-.5H8V0h2Z\" \/>\n\t\t\t<\/svg>\n\t\t<\/button><\/figure>\n<\/div>\n\n\n\n<div class=\"wp-block-column is-vertically-aligned-center is-layout-constrained wp-container-core-column-is-layout-c40bd83a wp-block-column-is-layout-constrained\" style=\"padding-top:var(--wp--preset--spacing--80);padding-right:var(--wp--preset--spacing--60);padding-bottom:var(--wp--preset--spacing--80);padding-left:var(--wp--preset--spacing--60);flex-basis:50%\">\n<div class=\"wp-block-group is-layout-constrained wp-container-core-group-is-layout-92b9201d wp-block-group-is-layout-constrained\">\n<h2 class=\"wp-block-heading has-huge-font-size\">Je me d\u00e9place principalement sur Bordeaux Rive Droite.<\/h2>\n\n\n\n<p class=\"has-large-font-size\">Toutes les demandes seront \u00e9tudi\u00e9es m\u00eame hors zone.<\/p>\n<\/div>\n\n\n\n<div class=\"wp-block-buttons is-layout-flex wp-block-buttons-is-layout-flex\">\n<div class=\"wp-block-button\"><a class=\"wp-block-button__link has-custom-couleur-3-background-color has-background wp-element-button\" href=\"https:\/\/puppy-care.fr\/index.php\/contact-page\/\">Contactez-moi<\/a><\/div>\n<\/div>\n<\/div>\n<\/div>\n<\/div>\n","protected":false},"excerpt":{"rendered":"<p>SERVICES &amp; TARIFS CHIENS Venez d\u00e9couvrir tous les services chouchou que nous proposons pour rendre votre chien heureux et en pleine forme! CHATS Bienvenue dans le paradis des minous avec une gamme de services pour son bonheur et son bien-\u00eatre! ZONES DESSERVIES Je me d\u00e9place principalement sur Bordeaux Rive Droite. Toutes les demandes seront \u00e9tudi\u00e9es [&hellip;]<\/p>\n","protected":false},"author":1,"featured_media":0,"parent":0,"menu_order":0,"comment_status":"closed","ping_status":"closed","template":"template-plain","meta":{"_themeisle_gutenberg_block_has_review":false,"footnotes":""},"class_list":["post-24","page","type-page","status-publish","hentry"],"yoast_head":"<!-- This site is optimized with the Yoast SEO plugin v26.0 - https:\/\/yoast.com\/wordpress\/plugins\/seo\/ -->\n<title>Tarifs - Puppy Care<\/title>\n<meta name=\"robots\" content=\"index, follow, max-snippet:-1, max-image-preview:large, max-video-preview:-1\" \/>\n<link rel=\"canonical\" href=\"https:\/\/puppy-care.fr\/index.php\/portfolio-page\/\" \/>\n<meta property=\"og:locale\" content=\"fr_FR\" \/>\n<meta property=\"og:type\" content=\"article\" \/>\n<meta property=\"og:title\" content=\"Tarifs - Puppy Care\" \/>\n<meta property=\"og:description\" content=\"SERVICES &amp; TARIFS CHIENS Venez d\u00e9couvrir tous les services chouchou que nous proposons pour rendre votre chien heureux et en pleine forme! CHATS Bienvenue dans le paradis des minous avec une gamme de services pour son bonheur et son bien-\u00eatre! ZONES DESSERVIES Je me d\u00e9place principalement sur Bordeaux Rive Droite. Toutes les demandes seront \u00e9tudi\u00e9es [&hellip;]\" \/>\n<meta property=\"og:url\" content=\"https:\/\/puppy-care.fr\/index.php\/portfolio-page\/\" \/>\n<meta property=\"og:site_name\" content=\"Puppy Care\" \/>\n<meta property=\"article:modified_time\" content=\"2024-05-20T20:24:26+00:00\" \/>\n<meta property=\"og:image\" content=\"http:\/\/puppy-care.fr\/wp-content\/uploads\/2024\/05\/IMG_0791.jpg\" \/>\n<meta name=\"twitter:card\" content=\"summary_large_image\" \/>\n<meta name=\"twitter:label1\" content=\"Dur\u00e9e de lecture estim\u00e9e\" \/>\n\t<meta name=\"twitter:data1\" content=\"1 minute\" \/>\n<script type=\"application\/ld+json\" class=\"yoast-schema-graph\">{\"@context\":\"https:\/\/schema.org\",\"@graph\":[{\"@type\":\"WebPage\",\"@id\":\"https:\/\/puppy-care.fr\/index.php\/portfolio-page\/\",\"url\":\"https:\/\/puppy-care.fr\/index.php\/portfolio-page\/\",\"name\":\"Tarifs - Puppy Care\",\"isPartOf\":{\"@id\":\"https:\/\/puppy-care.fr\/#website\"},\"primaryImageOfPage\":{\"@id\":\"https:\/\/puppy-care.fr\/index.php\/portfolio-page\/#primaryimage\"},\"image\":{\"@id\":\"https:\/\/puppy-care.fr\/index.php\/portfolio-page\/#primaryimage\"},\"thumbnailUrl\":\"http:\/\/puppy-care.fr\/wp-content\/uploads\/2024\/05\/IMG_0791.jpg\",\"datePublished\":\"2024-04-11T19:31:47+00:00\",\"dateModified\":\"2024-05-20T20:24:26+00:00\",\"breadcrumb\":{\"@id\":\"https:\/\/puppy-care.fr\/index.php\/portfolio-page\/#breadcrumb\"},\"inLanguage\":\"fr-FR\",\"potentialAction\":[{\"@type\":\"ReadAction\",\"target\":[\"https:\/\/puppy-care.fr\/index.php\/portfolio-page\/\"]}]},{\"@type\":\"ImageObject\",\"inLanguage\":\"fr-FR\",\"@id\":\"https:\/\/puppy-care.fr\/index.php\/portfolio-page\/#primaryimage\",\"url\":\"https:\/\/puppy-care.fr\/wp-content\/uploads\/2024\/05\/IMG_0791.jpg\",\"contentUrl\":\"https:\/\/puppy-care.fr\/wp-content\/uploads\/2024\/05\/IMG_0791.jpg\",\"width\":2048,\"height\":1368},{\"@type\":\"BreadcrumbList\",\"@id\":\"https:\/\/puppy-care.fr\/index.php\/portfolio-page\/#breadcrumb\",\"itemListElement\":[{\"@type\":\"ListItem\",\"position\":1,\"name\":\"Accueil\",\"item\":\"https:\/\/puppy-care.fr\/\"},{\"@type\":\"ListItem\",\"position\":2,\"name\":\"Tarifs\"}]},{\"@type\":\"WebSite\",\"@id\":\"https:\/\/puppy-care.fr\/#website\",\"url\":\"https:\/\/puppy-care.fr\/\",\"name\":\"Puppy Care\",\"description\":\"Garde d&#039;animaux - Floirac\",\"publisher\":{\"@id\":\"https:\/\/puppy-care.fr\/#organization\"},\"potentialAction\":[{\"@type\":\"SearchAction\",\"target\":{\"@type\":\"EntryPoint\",\"urlTemplate\":\"https:\/\/puppy-care.fr\/?s={search_term_string}\"},\"query-input\":{\"@type\":\"PropertyValueSpecification\",\"valueRequired\":true,\"valueName\":\"search_term_string\"}}],\"inLanguage\":\"fr-FR\"},{\"@type\":\"Organization\",\"@id\":\"https:\/\/puppy-care.fr\/#organization\",\"name\":\"Puppy Care\",\"url\":\"https:\/\/puppy-care.fr\/\",\"logo\":{\"@type\":\"ImageObject\",\"inLanguage\":\"fr-FR\",\"@id\":\"https:\/\/puppy-care.fr\/#\/schema\/logo\/image\/\",\"url\":\"https:\/\/puppy-care.fr\/wp-content\/uploads\/2024\/05\/logo-new-2.svg\",\"contentUrl\":\"https:\/\/puppy-care.fr\/wp-content\/uploads\/2024\/05\/logo-new-2.svg\",\"width\":500,\"height\":500,\"caption\":\"Puppy Care\"},\"image\":{\"@id\":\"https:\/\/puppy-care.fr\/#\/schema\/logo\/image\/\"}}]}<\/script>\n<!-- \/ Yoast SEO plugin. -->","yoast_head_json":{"title":"Tarifs - Puppy Care","robots":{"index":"index","follow":"follow","max-snippet":"max-snippet:-1","max-image-preview":"max-image-preview:large","max-video-preview":"max-video-preview:-1"},"canonical":"https:\/\/puppy-care.fr\/index.php\/portfolio-page\/","og_locale":"fr_FR","og_type":"article","og_title":"Tarifs - Puppy Care","og_description":"SERVICES &amp; TARIFS CHIENS Venez d\u00e9couvrir tous les services chouchou que nous proposons pour rendre votre chien heureux et en pleine forme! CHATS Bienvenue dans le paradis des minous avec une gamme de services pour son bonheur et son bien-\u00eatre! ZONES DESSERVIES Je me d\u00e9place principalement sur Bordeaux Rive Droite. Toutes les demandes seront \u00e9tudi\u00e9es [&hellip;]","og_url":"https:\/\/puppy-care.fr\/index.php\/portfolio-page\/","og_site_name":"Puppy Care","article_modified_time":"2024-05-20T20:24:26+00:00","og_image":[{"url":"http:\/\/puppy-care.fr\/wp-content\/uploads\/2024\/05\/IMG_0791.jpg","type":"","width":"","height":""}],"twitter_card":"summary_large_image","twitter_misc":{"Dur\u00e9e de lecture estim\u00e9e":"1 minute"},"schema":{"@context":"https:\/\/schema.org","@graph":[{"@type":"WebPage","@id":"https:\/\/puppy-care.fr\/index.php\/portfolio-page\/","url":"https:\/\/puppy-care.fr\/index.php\/portfolio-page\/","name":"Tarifs - Puppy Care","isPartOf":{"@id":"https:\/\/puppy-care.fr\/#website"},"primaryImageOfPage":{"@id":"https:\/\/puppy-care.fr\/index.php\/portfolio-page\/#primaryimage"},"image":{"@id":"https:\/\/puppy-care.fr\/index.php\/portfolio-page\/#primaryimage"},"thumbnailUrl":"http:\/\/puppy-care.fr\/wp-content\/uploads\/2024\/05\/IMG_0791.jpg","datePublished":"2024-04-11T19:31:47+00:00","dateModified":"2024-05-20T20:24:26+00:00","breadcrumb":{"@id":"https:\/\/puppy-care.fr\/index.php\/portfolio-page\/#breadcrumb"},"inLanguage":"fr-FR","potentialAction":[{"@type":"ReadAction","target":["https:\/\/puppy-care.fr\/index.php\/portfolio-page\/"]}]},{"@type":"ImageObject","inLanguage":"fr-FR","@id":"https:\/\/puppy-care.fr\/index.php\/portfolio-page\/#primaryimage","url":"https:\/\/puppy-care.fr\/wp-content\/uploads\/2024\/05\/IMG_0791.jpg","contentUrl":"https:\/\/puppy-care.fr\/wp-content\/uploads\/2024\/05\/IMG_0791.jpg","width":2048,"height":1368},{"@type":"BreadcrumbList","@id":"https:\/\/puppy-care.fr\/index.php\/portfolio-page\/#breadcrumb","itemListElement":[{"@type":"ListItem","position":1,"name":"Accueil","item":"https:\/\/puppy-care.fr\/"},{"@type":"ListItem","position":2,"name":"Tarifs"}]},{"@type":"WebSite","@id":"https:\/\/puppy-care.fr\/#website","url":"https:\/\/puppy-care.fr\/","name":"Puppy Care","description":"Garde d&#039;animaux - Floirac","publisher":{"@id":"https:\/\/puppy-care.fr\/#organization"},"potentialAction":[{"@type":"SearchAction","target":{"@type":"EntryPoint","urlTemplate":"https:\/\/puppy-care.fr\/?s={search_term_string}"},"query-input":{"@type":"PropertyValueSpecification","valueRequired":true,"valueName":"search_term_string"}}],"inLanguage":"fr-FR"},{"@type":"Organization","@id":"https:\/\/puppy-care.fr\/#organization","name":"Puppy Care","url":"https:\/\/puppy-care.fr\/","logo":{"@type":"ImageObject","inLanguage":"fr-FR","@id":"https:\/\/puppy-care.fr\/#\/schema\/logo\/image\/","url":"https:\/\/puppy-care.fr\/wp-content\/uploads\/2024\/05\/logo-new-2.svg","contentUrl":"https:\/\/puppy-care.fr\/wp-content\/uploads\/2024\/05\/logo-new-2.svg","width":500,"height":500,"caption":"Puppy Care"},"image":{"@id":"https:\/\/puppy-care.fr\/#\/schema\/logo\/image\/"}}]}},"_links":{"self":[{"href":"https:\/\/puppy-care.fr\/index.php\/wp-json\/wp\/v2\/pages\/24","targetHints":{"allow":["GET"]}}],"collection":[{"href":"https:\/\/puppy-care.fr\/index.php\/wp-json\/wp\/v2\/pages"}],"about":[{"href":"https:\/\/puppy-care.fr\/index.php\/wp-json\/wp\/v2\/types\/page"}],"author":[{"embeddable":true,"href":"https:\/\/puppy-care.fr\/index.php\/wp-json\/wp\/v2\/users\/1"}],"replies":[{"embeddable":true,"href":"https:\/\/puppy-care.fr\/index.php\/wp-json\/wp\/v2\/comments?post=24"}],"version-history":[{"count":75,"href":"https:\/\/puppy-care.fr\/index.php\/wp-json\/wp\/v2\/pages\/24\/revisions"}],"predecessor-version":[{"id":572,"href":"https:\/\/puppy-care.fr\/index.php\/wp-json\/wp\/v2\/pages\/24\/revisions\/572"}],"wp:attachment":[{"href":"https:\/\/puppy-care.fr\/index.php\/wp-json\/wp\/v2\/media?parent=24"}],"curies":[{"name":"wp","href":"https:\/\/api.w.org\/{rel}","templated":true}]}}