{"id":23,"date":"2024-04-11T21:31:47","date_gmt":"2024-04-11T19:31:47","guid":{"rendered":"https:\/\/puppy-care.fr\/index.php\/services-page\/"},"modified":"2024-05-20T17:47:07","modified_gmt":"2024-05-20T15:47:07","slug":"services-page","status":"publish","type":"page","link":"https:\/\/puppy-care.fr\/index.php\/services-page\/","title":{"rendered":"Services"},"content":{"rendered":"\n<div class=\"wp-block-group alignfull is-layout-flow wp-container-core-group-is-layout-10d01144 wp-block-group-is-layout-flow\" style=\"margin-top:0px;margin-bottom:0px;padding-top:0px;padding-right:0px;padding-bottom:0px;padding-left:0px\">\n<div id=\"wp-block-themeisle-blocks-advanced-columns-2c60bc77\" class=\"wp-block-themeisle-blocks-advanced-columns alignfull has-1-columns has-desktop-equal-layout has-tablet-equal-layout has-mobile-collapsedRows-layout has-reverse-columns-mobile has-vertical-center ticss-c00aadba\"><div class=\"wp-block-themeisle-blocks-advanced-columns-overlay\"><\/div><div class=\"innerblocks-wrap\">\n<div id=\"wp-block-themeisle-blocks-advanced-column-75b9263d\" class=\"wp-block-themeisle-blocks-advanced-column\">\n<div style=\"height:100px\" aria-hidden=\"true\" class=\"wp-block-spacer\"><\/div>\n\n\n\n<h1 id=\"wp-block-themeisle-blocks-advanced-heading-5d5675df\" class=\"wp-block-themeisle-blocks-advanced-heading wp-block-themeisle-blocks-advanced-heading-5d5675df\">COMPORTEMENT &amp; COMMUNICATION ANIMALE<\/h1>\n\n\n\n<p id=\"wp-block-themeisle-blocks-advanced-heading-40ecd43d\" class=\"wp-block-themeisle-blocks-advanced-heading wp-block-themeisle-blocks-advanced-heading-40ecd43d\">Bient\u00f4t&#8230;.<\/p>\n\n\n\n<div style=\"height:100px\" aria-hidden=\"true\" class=\"wp-block-spacer\"><\/div>\n<\/div>\n<\/div><\/div>\n\n\n\n<div class=\"wp-block-group alignfull has-raft-fg-color has-raft-bg-background-color has-text-color has-background has-link-color wp-elements-d793476755eb02b05b87df32dfb1a7ff is-layout-constrained wp-container-core-group-is-layout-b1018d00 wp-block-group-is-layout-constrained\" style=\"margin-top:0px;margin-bottom:0px;padding-top:var(--wp--preset--spacing--80);padding-right:var(--wp--preset--spacing--40);padding-bottom:var(--wp--preset--spacing--80);padding-left:var(--wp--preset--spacing--40)\">\n<div class=\"wp-block-group alignfull is-layout-flow wp-block-group-is-layout-flow\">\n<h2 class=\"wp-block-heading has-text-align-center has-large-font-size\">MA MISSION DE VIE<\/h2>\n\n\n\n<ul class=\"wp-block-list\">\n<li style=\"margin-right:var(--wp--preset--spacing--30);margin-left:var(--wp--preset--spacing--30);padding-top:0;padding-right:0;padding-bottom:0;padding-left:0\" class=\"has-figtree-font-family\"> En tant que th\u00e9rapeute comportementaliste animalier, ma mission de vie consistera \u00e0 aider les animaux et leurs propri\u00e9taires \u00e0 r\u00e9soudre les probl\u00e8mes de comportement qui pourraient perturber la vie quotidienne de l&rsquo;animal et de sa famille. Que ce soit des probl\u00e8mes d&rsquo;anxi\u00e9t\u00e9, d&rsquo;agressivit\u00e9, de peurs, ou m\u00eame de troubles obsessionnels, mon objectif sera d&rsquo;identifier les causes sous-jacentes du comportement ind\u00e9sirable et de mettre en place des strat\u00e9gies pour les traiter.<\/li>\n<\/ul>\n\n\n\n<ul class=\"wp-block-list\">\n<li style=\"margin-right:var(--wp--preset--spacing--30);margin-left:var(--wp--preset--spacing--30)\" class=\"has-figtree-font-family\">Mon approche reposera sur une compr\u00e9hension approfondie du comportement animal, combin\u00e9e \u00e0 des techniques de modification du comportement et de renforcement positif. Je travaillerai en \u00e9troite collaboration avec les propri\u00e9taires pour \u00e9tablir des plans de traitement personnalis\u00e9s, qui pourront inclure des exercices d&rsquo;entra\u00eenement, des changements environnementaux, et des outils de gestion du stress.<\/li>\n<\/ul>\n\n\n\n<ul class=\"has-figtree-font-family wp-block-list\">\n<li style=\"margin-right:var(--wp--preset--spacing--30);margin-left:var(--wp--preset--spacing--30)\">En parall\u00e8le, je pratiquerai \u00e9galement la communication animale, une forme de communication intuitive qui me permettra d&rsquo;\u00e9tablir un lien profond avec l&rsquo;animal et de comprendre ses \u00e9motions, ses besoins et ses d\u00e9sirs. Gr\u00e2ce \u00e0 cette connexion sp\u00e9ciale, je serai en mesure de faciliter la communication entre l&rsquo;animal et son propri\u00e9taire, ce qui pourra souvent conduire \u00e0 une meilleure compr\u00e9hension mutuelle et \u00e0 une r\u00e9solution plus rapide des probl\u00e8mes de comportement.<\/li>\n<\/ul>\n\n\n\n<ul class=\"has-figtree-font-family wp-block-list\">\n<li style=\"margin-right:var(--wp--preset--spacing--30);margin-left:var(--wp--preset--spacing--30)\">Que ce soit en travaillant avec des chiens, des chats, des chevaux ou d&rsquo;autres animaux de compagnie, ma mission ultime en tant que th\u00e9rapeute comportementaliste animalier et communicateur animalier sera d&rsquo;am\u00e9liorer la qualit\u00e9 de vie des animaux et de renforcer les liens qui les unissent \u00e0 leurs propri\u00e9taires.<\/li>\n<\/ul>\n<\/div>\n<\/div>\n\n\n\n<figure class=\"wp-block-pullquote has-border-color has-cyan-bluish-gray-border-color has-cyan-bluish-gray-background-color has-background has-source-serif-pro-font-family\" style=\"border-width:1px;font-style:italic;font-weight:300\"><blockquote><p>\u00ab\u00a0La communication animale nous rappelle que le langage du c\u0153ur transcende les barri\u00e8res de l&rsquo;esp\u00e8ce.\u00a0\u00bb<\/p><\/blockquote><\/figure>\n<\/div>\n","protected":false},"excerpt":{"rendered":"<p>MA MISSION DE VIE \u00ab\u00a0La communication animale nous rappelle que le langage du c\u0153ur transcende les barri\u00e8res de l&rsquo;esp\u00e8ce.\u00a0\u00bb<\/p>\n","protected":false},"author":1,"featured_media":0,"parent":0,"menu_order":0,"comment_status":"closed","ping_status":"closed","template":"template-plain","meta":{"_themeisle_gutenberg_block_has_review":false,"footnotes":""},"class_list":["post-23","page","type-page","status-publish","hentry"],"yoast_head":"<!-- This site is optimized with the Yoast SEO plugin v26.0 - https:\/\/yoast.com\/wordpress\/plugins\/seo\/ -->\n<title>Services - Puppy Care<\/title>\n<meta name=\"robots\" content=\"index, follow, max-snippet:-1, max-image-preview:large, max-video-preview:-1\" \/>\n<link rel=\"canonical\" href=\"https:\/\/puppy-care.fr\/index.php\/services-page\/\" \/>\n<meta property=\"og:locale\" content=\"fr_FR\" \/>\n<meta property=\"og:type\" content=\"article\" \/>\n<meta property=\"og:title\" content=\"Services - Puppy Care\" \/>\n<meta property=\"og:description\" content=\"MA MISSION DE VIE \u00ab\u00a0La communication animale nous rappelle que le langage du c\u0153ur transcende les barri\u00e8res de l&rsquo;esp\u00e8ce.\u00a0\u00bb\" \/>\n<meta property=\"og:url\" content=\"https:\/\/puppy-care.fr\/index.php\/services-page\/\" \/>\n<meta property=\"og:site_name\" content=\"Puppy Care\" \/>\n<meta property=\"article:modified_time\" content=\"2024-05-20T15:47:07+00:00\" \/>\n<meta name=\"twitter:card\" content=\"summary_large_image\" \/>\n<meta name=\"twitter:label1\" content=\"Dur\u00e9e de lecture estim\u00e9e\" \/>\n\t<meta name=\"twitter:data1\" content=\"2 minutes\" \/>\n<script type=\"application\/ld+json\" class=\"yoast-schema-graph\">{\"@context\":\"https:\/\/schema.org\",\"@graph\":[{\"@type\":\"WebPage\",\"@id\":\"https:\/\/puppy-care.fr\/index.php\/services-page\/\",\"url\":\"https:\/\/puppy-care.fr\/index.php\/services-page\/\",\"name\":\"Services - Puppy Care\",\"isPartOf\":{\"@id\":\"https:\/\/puppy-care.fr\/#website\"},\"datePublished\":\"2024-04-11T19:31:47+00:00\",\"dateModified\":\"2024-05-20T15:47:07+00:00\",\"breadcrumb\":{\"@id\":\"https:\/\/puppy-care.fr\/index.php\/services-page\/#breadcrumb\"},\"inLanguage\":\"fr-FR\",\"potentialAction\":[{\"@type\":\"ReadAction\",\"target\":[\"https:\/\/puppy-care.fr\/index.php\/services-page\/\"]}]},{\"@type\":\"BreadcrumbList\",\"@id\":\"https:\/\/puppy-care.fr\/index.php\/services-page\/#breadcrumb\",\"itemListElement\":[{\"@type\":\"ListItem\",\"position\":1,\"name\":\"Accueil\",\"item\":\"https:\/\/puppy-care.fr\/\"},{\"@type\":\"ListItem\",\"position\":2,\"name\":\"Services\"}]},{\"@type\":\"WebSite\",\"@id\":\"https:\/\/puppy-care.fr\/#website\",\"url\":\"https:\/\/puppy-care.fr\/\",\"name\":\"Puppy Care\",\"description\":\"Garde d&#039;animaux - Floirac\",\"publisher\":{\"@id\":\"https:\/\/puppy-care.fr\/#organization\"},\"potentialAction\":[{\"@type\":\"SearchAction\",\"target\":{\"@type\":\"EntryPoint\",\"urlTemplate\":\"https:\/\/puppy-care.fr\/?s={search_term_string}\"},\"query-input\":{\"@type\":\"PropertyValueSpecification\",\"valueRequired\":true,\"valueName\":\"search_term_string\"}}],\"inLanguage\":\"fr-FR\"},{\"@type\":\"Organization\",\"@id\":\"https:\/\/puppy-care.fr\/#organization\",\"name\":\"Puppy Care\",\"url\":\"https:\/\/puppy-care.fr\/\",\"logo\":{\"@type\":\"ImageObject\",\"inLanguage\":\"fr-FR\",\"@id\":\"https:\/\/puppy-care.fr\/#\/schema\/logo\/image\/\",\"url\":\"https:\/\/puppy-care.fr\/wp-content\/uploads\/2024\/05\/logo-new-2.svg\",\"contentUrl\":\"https:\/\/puppy-care.fr\/wp-content\/uploads\/2024\/05\/logo-new-2.svg\",\"width\":500,\"height\":500,\"caption\":\"Puppy Care\"},\"image\":{\"@id\":\"https:\/\/puppy-care.fr\/#\/schema\/logo\/image\/\"}}]}<\/script>\n<!-- \/ Yoast SEO plugin. -->","yoast_head_json":{"title":"Services - Puppy Care","robots":{"index":"index","follow":"follow","max-snippet":"max-snippet:-1","max-image-preview":"max-image-preview:large","max-video-preview":"max-video-preview:-1"},"canonical":"https:\/\/puppy-care.fr\/index.php\/services-page\/","og_locale":"fr_FR","og_type":"article","og_title":"Services - Puppy Care","og_description":"MA MISSION DE VIE \u00ab\u00a0La communication animale nous rappelle que le langage du c\u0153ur transcende les barri\u00e8res de l&rsquo;esp\u00e8ce.\u00a0\u00bb","og_url":"https:\/\/puppy-care.fr\/index.php\/services-page\/","og_site_name":"Puppy Care","article_modified_time":"2024-05-20T15:47:07+00:00","twitter_card":"summary_large_image","twitter_misc":{"Dur\u00e9e de lecture estim\u00e9e":"2 minutes"},"schema":{"@context":"https:\/\/schema.org","@graph":[{"@type":"WebPage","@id":"https:\/\/puppy-care.fr\/index.php\/services-page\/","url":"https:\/\/puppy-care.fr\/index.php\/services-page\/","name":"Services - Puppy Care","isPartOf":{"@id":"https:\/\/puppy-care.fr\/#website"},"datePublished":"2024-04-11T19:31:47+00:00","dateModified":"2024-05-20T15:47:07+00:00","breadcrumb":{"@id":"https:\/\/puppy-care.fr\/index.php\/services-page\/#breadcrumb"},"inLanguage":"fr-FR","potentialAction":[{"@type":"ReadAction","target":["https:\/\/puppy-care.fr\/index.php\/services-page\/"]}]},{"@type":"BreadcrumbList","@id":"https:\/\/puppy-care.fr\/index.php\/services-page\/#breadcrumb","itemListElement":[{"@type":"ListItem","position":1,"name":"Accueil","item":"https:\/\/puppy-care.fr\/"},{"@type":"ListItem","position":2,"name":"Services"}]},{"@type":"WebSite","@id":"https:\/\/puppy-care.fr\/#website","url":"https:\/\/puppy-care.fr\/","name":"Puppy Care","description":"Garde d&#039;animaux - Floirac","publisher":{"@id":"https:\/\/puppy-care.fr\/#organization"},"potentialAction":[{"@type":"SearchAction","target":{"@type":"EntryPoint","urlTemplate":"https:\/\/puppy-care.fr\/?s={search_term_string}"},"query-input":{"@type":"PropertyValueSpecification","valueRequired":true,"valueName":"search_term_string"}}],"inLanguage":"fr-FR"},{"@type":"Organization","@id":"https:\/\/puppy-care.fr\/#organization","name":"Puppy Care","url":"https:\/\/puppy-care.fr\/","logo":{"@type":"ImageObject","inLanguage":"fr-FR","@id":"https:\/\/puppy-care.fr\/#\/schema\/logo\/image\/","url":"https:\/\/puppy-care.fr\/wp-content\/uploads\/2024\/05\/logo-new-2.svg","contentUrl":"https:\/\/puppy-care.fr\/wp-content\/uploads\/2024\/05\/logo-new-2.svg","width":500,"height":500,"caption":"Puppy Care"},"image":{"@id":"https:\/\/puppy-care.fr\/#\/schema\/logo\/image\/"}}]}},"_links":{"self":[{"href":"https:\/\/puppy-care.fr\/index.php\/wp-json\/wp\/v2\/pages\/23","targetHints":{"allow":["GET"]}}],"collection":[{"href":"https:\/\/puppy-care.fr\/index.php\/wp-json\/wp\/v2\/pages"}],"about":[{"href":"https:\/\/puppy-care.fr\/index.php\/wp-json\/wp\/v2\/types\/page"}],"author":[{"embeddable":true,"href":"https:\/\/puppy-care.fr\/index.php\/wp-json\/wp\/v2\/users\/1"}],"replies":[{"embeddable":true,"href":"https:\/\/puppy-care.fr\/index.php\/wp-json\/wp\/v2\/comments?post=23"}],"version-history":[{"count":11,"href":"https:\/\/puppy-care.fr\/index.php\/wp-json\/wp\/v2\/pages\/23\/revisions"}],"predecessor-version":[{"id":507,"href":"https:\/\/puppy-care.fr\/index.php\/wp-json\/wp\/v2\/pages\/23\/revisions\/507"}],"wp:attachment":[{"href":"https:\/\/puppy-care.fr\/index.php\/wp-json\/wp\/v2\/media?parent=23"}],"curies":[{"name":"wp","href":"https:\/\/api.w.org\/{rel}","templated":true}]}}