{"id":2,"date":"2024-04-06T17:05:43","date_gmt":"2024-04-06T15:05:43","guid":{"rendered":"http:\/\/puppy-care.fr\/?page_id=2"},"modified":"2025-02-27T19:19:45","modified_gmt":"2025-02-27T18:19:45","slug":"qui-suis-je","status":"publish","type":"page","link":"https:\/\/puppy-care.fr\/index.php\/qui-suis-je\/","title":{"rendered":"QUI SUIS-JE ?"},"content":{"rendered":"\n<div id=\"wp-block-themeisle-blocks-advanced-columns-8bd40c15\" class=\"wp-block-themeisle-blocks-advanced-columns has-1-columns has-desktop-twoOne-layout has-tablet-equal-layout has-mobile-collapsedRows-layout has-vertical-unset\"><div class=\"wp-block-themeisle-blocks-advanced-columns-overlay\"><\/div><div class=\"innerblocks-wrap\">\n<div id=\"wp-block-themeisle-blocks-advanced-column-d2e32644\" class=\"wp-block-themeisle-blocks-advanced-column\"><\/div>\n<\/div><\/div>\n\n\n\n<figure class=\"wp-block-image size-large\"><img fetchpriority=\"high\" decoding=\"async\" width=\"768\" height=\"1024\" src=\"http:\/\/puppy-care.fr\/wp-content\/uploads\/2024\/04\/099c004b-6af0-4879-a3ce-ba37f8eac62c-1-768x1024.jpg\" alt=\"\" class=\"wp-image-84\" srcset=\"https:\/\/puppy-care.fr\/wp-content\/uploads\/2024\/04\/099c004b-6af0-4879-a3ce-ba37f8eac62c-1-768x1024.jpg 768w, https:\/\/puppy-care.fr\/wp-content\/uploads\/2024\/04\/099c004b-6af0-4879-a3ce-ba37f8eac62c-1-225x300.jpg 225w, https:\/\/puppy-care.fr\/wp-content\/uploads\/2024\/04\/099c004b-6af0-4879-a3ce-ba37f8eac62c-1-1152x1536.jpg 1152w, https:\/\/puppy-care.fr\/wp-content\/uploads\/2024\/04\/099c004b-6af0-4879-a3ce-ba37f8eac62c-1.jpg 1200w\" sizes=\"(max-width: 768px) 100vw, 768px\" \/><\/figure>\n\n\n\n<div style=\"height:100px\" aria-hidden=\"true\" class=\"wp-block-spacer\"><\/div>\n\n\n\n<blockquote class=\"wp-block-quote is-style-plain is-layout-flow wp-block-quote-is-layout-flow\">\n<p class=\"has-text-align-center has-figtree-font-family has-normal-font-size\">Je suis Camille, une professionnelle passionn\u00e9e de 32 ans d\u00e9vou\u00e9e au bien-\u00eatre des    animaux depuis ma plus tendre enfance. Forte de ma passion et de ma sensibilit\u00e9, j\u2019ai d\u00e9velopp\u00e9 une relation privil\u00e9gi\u00e9e avec nos amis \u00e0 quatre pattes. C\u2019est cette connexion sp\u00e9ciale qui m\u2019a inspir\u00e9e \u00e0 offrir mes services de garde d\u2019animaux pour le moment.<\/p>\n\n\n\n<p class=\"has-text-align-center has-figtree-font-family has-normal-font-size\">Toutefois, mon ambition d\u00e9passe largement cette d\u00e9marche. J\u2019aspire depuis toujours \u00e0 approfondir mes connaissances sur le comportement animal c&rsquo;est pourquoi je suis actuellement une formation \u00ab\u00a0Comportementaliste, interpr\u00e8te animali\u00e8re\u00a0\u00bb avec Sylvie CHAIFFRE <a href=\"https:\/\/animalcom.net\/\">https:\/\/animalcom.net\/<\/a>.<\/p>\n\n\n\n<div class=\"wp-block-group alignfull is-content-justification-right is-layout-constrained wp-container-core-group-is-layout-bc7a3ca4 wp-block-group-is-layout-constrained\" style=\"margin-top:0;margin-bottom:0;padding-top:var(--wp--preset--spacing--80);padding-right:var(--wp--preset--spacing--40);padding-bottom:var(--wp--preset--spacing--80);padding-left:var(--wp--preset--spacing--40)\">\n<div class=\"wp-block-group alignwide is-layout-flow wp-block-group-is-layout-flow\">\n<div class=\"wp-block-group is-layout-constrained wp-block-group-is-layout-constrained\">\n<div class=\"wp-block-group has-raft-fg-alt-color has-raft-accent-secondary-background-color has-text-color has-background is-content-justification-center is-layout-constrained wp-container-core-group-is-layout-b4ae8b0a wp-block-group-is-layout-constrained\" style=\"margin-top:0px;margin-bottom:0px;padding-top:var(--wp--preset--spacing--80);padding-right:var(--wp--preset--spacing--40);padding-bottom:var(--wp--preset--spacing--80);padding-left:var(--wp--preset--spacing--40)\">\n<h2 class=\"wp-block-heading has-text-align-center has-raft-fg-alt-color has-text-color has-medium-font-size\" style=\"letter-spacing:1px;text-transform:uppercase\">Venez d\u00e9couvrir ses formations et ses livres sur la relation Homme-Animal.<\/h2>\n\n\n\n<div class=\"wp-block-buttons is-content-justification-center is-layout-flex wp-container-core-buttons-is-layout-a89b3969 wp-block-buttons-is-layout-flex\">\n<div class=\"wp-block-button is-style-outline is-style-outline--1\"><a class=\"wp-block-button__link has-raft-fg-alt-color has-text-color wp-element-button\" href=\"https:\/\/animalcom.net\/\">Sylvie CHAIFFRE<\/a><\/div>\n<\/div>\n<\/div>\n<\/div>\n\n\n\n<p class=\"has-text-align-center has-figtree-font-family has-normal-font-size\">Patiemment, je m\u2019engage \u00e0 suivre rigoureusement cette formation pour atteindre cette mission qui me tient \u00e0 c\u0153ur. En attendant, je me propose d\u2019\u00eatre la PetSitter attentionn\u00e9e pour vos compagnons \u00e0 quatre pattes.<\/p>\n<\/div>\n\n\n\n<p class=\"has-text-align-center has-figtree-font-family has-normal-font-size\">Je suis titulaire de l\u2019ACACED, garantissant ainsi la qualit\u00e9 et le professionnalisme de mes services.<\/p>\n<\/div>\n<\/blockquote>\n\n\n\n<div class=\"wp-block-group alignfull has-raft-bg-alt-color has-custom-couleur-2-background-color has-text-color has-background is-layout-constrained wp-container-core-group-is-layout-87ba1f51 wp-block-group-is-layout-constrained\" style=\"margin-top:0px;margin-bottom:0px;padding-top:var(--wp--preset--spacing--80);padding-right:var(--wp--preset--spacing--40);padding-bottom:var(--wp--preset--spacing--80);padding-left:var(--wp--preset--spacing--40)\">\n<h2 class=\"wp-block-heading has-text-align-center has-raft-fg-alt-color has-text-color\">J&rsquo;ai h\u00e2te de rencontrer vos loulous !<\/h2>\n\n\n\n<div class=\"wp-block-buttons is-content-justification-center is-layout-flex wp-container-core-buttons-is-layout-a89b3969 wp-block-buttons-is-layout-flex\">\n<div class=\"wp-block-button is-style-outline is-style-outline--2\"><a class=\"wp-block-button__link has-raft-fg-alt-color has-text-color wp-element-button\" href=\"https:\/\/puppy-care.fr\/index.php\/contact-page\/\">Contactez-moi<\/a><\/div>\n<\/div>\n<\/div>\n","protected":false},"excerpt":{"rendered":"<p>J&rsquo;ai h\u00e2te de rencontrer vos loulous !<\/p>\n","protected":false},"author":1,"featured_media":78,"parent":0,"menu_order":0,"comment_status":"closed","ping_status":"open","template":"","meta":{"_themeisle_gutenberg_block_has_review":false,"footnotes":""},"class_list":["post-2","page","type-page","status-publish","has-post-thumbnail","hentry"],"yoast_head":"<!-- This site is optimized with the Yoast SEO plugin v26.0 - https:\/\/yoast.com\/wordpress\/plugins\/seo\/ -->\n<title>QUI SUIS-JE ? - Puppy Care<\/title>\n<meta name=\"robots\" content=\"index, follow, max-snippet:-1, max-image-preview:large, max-video-preview:-1\" \/>\n<link rel=\"canonical\" href=\"https:\/\/puppy-care.fr\/index.php\/qui-suis-je\/\" \/>\n<meta property=\"og:locale\" content=\"fr_FR\" \/>\n<meta property=\"og:type\" content=\"article\" \/>\n<meta property=\"og:title\" content=\"QUI SUIS-JE ? - Puppy Care\" \/>\n<meta property=\"og:description\" content=\"J&rsquo;ai h\u00e2te de rencontrer vos loulous !\" \/>\n<meta property=\"og:url\" content=\"https:\/\/puppy-care.fr\/index.php\/qui-suis-je\/\" \/>\n<meta property=\"og:site_name\" content=\"Puppy Care\" \/>\n<meta property=\"article:modified_time\" content=\"2025-02-27T18:19:45+00:00\" \/>\n<meta property=\"og:image\" content=\"http:\/\/puppy-care.fr\/wp-content\/uploads\/2024\/04\/099c004b-6af0-4879-a3ce-ba37f8eac62c.jpg\" \/>\n\t<meta property=\"og:image:width\" content=\"1200\" \/>\n\t<meta property=\"og:image:height\" content=\"1600\" \/>\n\t<meta property=\"og:image:type\" content=\"image\/jpeg\" \/>\n<meta name=\"twitter:card\" content=\"summary_large_image\" \/>\n<meta name=\"twitter:label1\" content=\"Dur\u00e9e de lecture estim\u00e9e\" \/>\n\t<meta name=\"twitter:data1\" content=\"1 minute\" \/>\n<script type=\"application\/ld+json\" class=\"yoast-schema-graph\">{\"@context\":\"https:\/\/schema.org\",\"@graph\":[{\"@type\":\"WebPage\",\"@id\":\"https:\/\/puppy-care.fr\/index.php\/qui-suis-je\/\",\"url\":\"https:\/\/puppy-care.fr\/index.php\/qui-suis-je\/\",\"name\":\"QUI SUIS-JE ? - Puppy Care\",\"isPartOf\":{\"@id\":\"https:\/\/puppy-care.fr\/#website\"},\"primaryImageOfPage\":{\"@id\":\"https:\/\/puppy-care.fr\/index.php\/qui-suis-je\/#primaryimage\"},\"image\":{\"@id\":\"https:\/\/puppy-care.fr\/index.php\/qui-suis-je\/#primaryimage\"},\"thumbnailUrl\":\"https:\/\/puppy-care.fr\/wp-content\/uploads\/2024\/04\/099c004b-6af0-4879-a3ce-ba37f8eac62c.jpg\",\"datePublished\":\"2024-04-06T15:05:43+00:00\",\"dateModified\":\"2025-02-27T18:19:45+00:00\",\"breadcrumb\":{\"@id\":\"https:\/\/puppy-care.fr\/index.php\/qui-suis-je\/#breadcrumb\"},\"inLanguage\":\"fr-FR\",\"potentialAction\":[{\"@type\":\"ReadAction\",\"target\":[\"https:\/\/puppy-care.fr\/index.php\/qui-suis-je\/\"]}]},{\"@type\":\"ImageObject\",\"inLanguage\":\"fr-FR\",\"@id\":\"https:\/\/puppy-care.fr\/index.php\/qui-suis-je\/#primaryimage\",\"url\":\"https:\/\/puppy-care.fr\/wp-content\/uploads\/2024\/04\/099c004b-6af0-4879-a3ce-ba37f8eac62c.jpg\",\"contentUrl\":\"https:\/\/puppy-care.fr\/wp-content\/uploads\/2024\/04\/099c004b-6af0-4879-a3ce-ba37f8eac62c.jpg\",\"width\":1200,\"height\":1600},{\"@type\":\"BreadcrumbList\",\"@id\":\"https:\/\/puppy-care.fr\/index.php\/qui-suis-je\/#breadcrumb\",\"itemListElement\":[{\"@type\":\"ListItem\",\"position\":1,\"name\":\"Accueil\",\"item\":\"https:\/\/puppy-care.fr\/\"},{\"@type\":\"ListItem\",\"position\":2,\"name\":\"QUI SUIS-JE ?\"}]},{\"@type\":\"WebSite\",\"@id\":\"https:\/\/puppy-care.fr\/#website\",\"url\":\"https:\/\/puppy-care.fr\/\",\"name\":\"Puppy Care\",\"description\":\"Garde d&#039;animaux - Floirac\",\"publisher\":{\"@id\":\"https:\/\/puppy-care.fr\/#organization\"},\"potentialAction\":[{\"@type\":\"SearchAction\",\"target\":{\"@type\":\"EntryPoint\",\"urlTemplate\":\"https:\/\/puppy-care.fr\/?s={search_term_string}\"},\"query-input\":{\"@type\":\"PropertyValueSpecification\",\"valueRequired\":true,\"valueName\":\"search_term_string\"}}],\"inLanguage\":\"fr-FR\"},{\"@type\":\"Organization\",\"@id\":\"https:\/\/puppy-care.fr\/#organization\",\"name\":\"Puppy Care\",\"url\":\"https:\/\/puppy-care.fr\/\",\"logo\":{\"@type\":\"ImageObject\",\"inLanguage\":\"fr-FR\",\"@id\":\"https:\/\/puppy-care.fr\/#\/schema\/logo\/image\/\",\"url\":\"https:\/\/puppy-care.fr\/wp-content\/uploads\/2024\/05\/logo-new-2.svg\",\"contentUrl\":\"https:\/\/puppy-care.fr\/wp-content\/uploads\/2024\/05\/logo-new-2.svg\",\"width\":500,\"height\":500,\"caption\":\"Puppy Care\"},\"image\":{\"@id\":\"https:\/\/puppy-care.fr\/#\/schema\/logo\/image\/\"}}]}<\/script>\n<!-- \/ Yoast SEO plugin. -->","yoast_head_json":{"title":"QUI SUIS-JE ? - Puppy Care","robots":{"index":"index","follow":"follow","max-snippet":"max-snippet:-1","max-image-preview":"max-image-preview:large","max-video-preview":"max-video-preview:-1"},"canonical":"https:\/\/puppy-care.fr\/index.php\/qui-suis-je\/","og_locale":"fr_FR","og_type":"article","og_title":"QUI SUIS-JE ? - Puppy Care","og_description":"J&rsquo;ai h\u00e2te de rencontrer vos loulous !","og_url":"https:\/\/puppy-care.fr\/index.php\/qui-suis-je\/","og_site_name":"Puppy Care","article_modified_time":"2025-02-27T18:19:45+00:00","og_image":[{"width":1200,"height":1600,"url":"http:\/\/puppy-care.fr\/wp-content\/uploads\/2024\/04\/099c004b-6af0-4879-a3ce-ba37f8eac62c.jpg","type":"image\/jpeg"}],"twitter_card":"summary_large_image","twitter_misc":{"Dur\u00e9e de lecture estim\u00e9e":"1 minute"},"schema":{"@context":"https:\/\/schema.org","@graph":[{"@type":"WebPage","@id":"https:\/\/puppy-care.fr\/index.php\/qui-suis-je\/","url":"https:\/\/puppy-care.fr\/index.php\/qui-suis-je\/","name":"QUI SUIS-JE ? - Puppy Care","isPartOf":{"@id":"https:\/\/puppy-care.fr\/#website"},"primaryImageOfPage":{"@id":"https:\/\/puppy-care.fr\/index.php\/qui-suis-je\/#primaryimage"},"image":{"@id":"https:\/\/puppy-care.fr\/index.php\/qui-suis-je\/#primaryimage"},"thumbnailUrl":"https:\/\/puppy-care.fr\/wp-content\/uploads\/2024\/04\/099c004b-6af0-4879-a3ce-ba37f8eac62c.jpg","datePublished":"2024-04-06T15:05:43+00:00","dateModified":"2025-02-27T18:19:45+00:00","breadcrumb":{"@id":"https:\/\/puppy-care.fr\/index.php\/qui-suis-je\/#breadcrumb"},"inLanguage":"fr-FR","potentialAction":[{"@type":"ReadAction","target":["https:\/\/puppy-care.fr\/index.php\/qui-suis-je\/"]}]},{"@type":"ImageObject","inLanguage":"fr-FR","@id":"https:\/\/puppy-care.fr\/index.php\/qui-suis-je\/#primaryimage","url":"https:\/\/puppy-care.fr\/wp-content\/uploads\/2024\/04\/099c004b-6af0-4879-a3ce-ba37f8eac62c.jpg","contentUrl":"https:\/\/puppy-care.fr\/wp-content\/uploads\/2024\/04\/099c004b-6af0-4879-a3ce-ba37f8eac62c.jpg","width":1200,"height":1600},{"@type":"BreadcrumbList","@id":"https:\/\/puppy-care.fr\/index.php\/qui-suis-je\/#breadcrumb","itemListElement":[{"@type":"ListItem","position":1,"name":"Accueil","item":"https:\/\/puppy-care.fr\/"},{"@type":"ListItem","position":2,"name":"QUI SUIS-JE ?"}]},{"@type":"WebSite","@id":"https:\/\/puppy-care.fr\/#website","url":"https:\/\/puppy-care.fr\/","name":"Puppy Care","description":"Garde d&#039;animaux - Floirac","publisher":{"@id":"https:\/\/puppy-care.fr\/#organization"},"potentialAction":[{"@type":"SearchAction","target":{"@type":"EntryPoint","urlTemplate":"https:\/\/puppy-care.fr\/?s={search_term_string}"},"query-input":{"@type":"PropertyValueSpecification","valueRequired":true,"valueName":"search_term_string"}}],"inLanguage":"fr-FR"},{"@type":"Organization","@id":"https:\/\/puppy-care.fr\/#organization","name":"Puppy Care","url":"https:\/\/puppy-care.fr\/","logo":{"@type":"ImageObject","inLanguage":"fr-FR","@id":"https:\/\/puppy-care.fr\/#\/schema\/logo\/image\/","url":"https:\/\/puppy-care.fr\/wp-content\/uploads\/2024\/05\/logo-new-2.svg","contentUrl":"https:\/\/puppy-care.fr\/wp-content\/uploads\/2024\/05\/logo-new-2.svg","width":500,"height":500,"caption":"Puppy Care"},"image":{"@id":"https:\/\/puppy-care.fr\/#\/schema\/logo\/image\/"}}]}},"_links":{"self":[{"href":"https:\/\/puppy-care.fr\/index.php\/wp-json\/wp\/v2\/pages\/2","targetHints":{"allow":["GET"]}}],"collection":[{"href":"https:\/\/puppy-care.fr\/index.php\/wp-json\/wp\/v2\/pages"}],"about":[{"href":"https:\/\/puppy-care.fr\/index.php\/wp-json\/wp\/v2\/types\/page"}],"author":[{"embeddable":true,"href":"https:\/\/puppy-care.fr\/index.php\/wp-json\/wp\/v2\/users\/1"}],"replies":[{"embeddable":true,"href":"https:\/\/puppy-care.fr\/index.php\/wp-json\/wp\/v2\/comments?post=2"}],"version-history":[{"count":19,"href":"https:\/\/puppy-care.fr\/index.php\/wp-json\/wp\/v2\/pages\/2\/revisions"}],"predecessor-version":[{"id":599,"href":"https:\/\/puppy-care.fr\/index.php\/wp-json\/wp\/v2\/pages\/2\/revisions\/599"}],"wp:featuredmedia":[{"embeddable":true,"href":"https:\/\/puppy-care.fr\/index.php\/wp-json\/wp\/v2\/media\/78"}],"wp:attachment":[{"href":"https:\/\/puppy-care.fr\/index.php\/wp-json\/wp\/v2\/media?parent=2"}],"curies":[{"name":"wp","href":"https:\/\/api.w.org\/{rel}","templated":true}]}}